e 0 = -p*r + r + 76. List the prime factors of r.
19
Let w(s) = -s**2 - 7*s + 5. Let u(y) = -y**2 + 8*y - 3. Let j be u(7). Let q be w(j). Let m = q + 58. What are the prime factors of m?
19
Let k = -1 - -1. Let v(f) = -f**3 + f**2 + f - 18. Let n be v(k). What are the prime factors of (-588)/(-27) - 4/n?
2, 11
Let c = 1 + 10. What are the prime factors of (-2 + c)/((-1)/(-2))?
2, 3
Suppose -6*l = -125 + 17. List the prime factors of l.
2, 3
Let k = -13 + 8. Let f = 44 - k. Suppose 0 = -5*m + c + f, -2*c + 52 = 5*m + 15. What are the prime factors of m?
3
Let k = -110 + 204. What are the prime factors of k?
2, 47
Let m(r) = 2*r + 8. Let u be m(10). Suppose 4*k + x + 5 = 17, -4*k - 5*x + u = 0. What are the prime factors of k?
2
Let m(b) = -b**2 - 6*b - 1. Let o be m(-4). Suppose 0 = -2*f + o*f - 5. What are the prime factors of 2 - (1 - f)/2?
2
Suppose 4*z + 2 - 22 = -3*q, q = -3*z + 10. Let c be (2 - 3 - -1)/z. Suppose c = -2*t - t + 36. List the prime factors of t.
2, 3
Let c = 243 - 174. What are the prime factors of c?
3, 23
Suppose 33*k = 25*k + 592. What are the prime factors of k?
2, 37
Suppose 4*r = -n + 4*n + 343, 0 = 3*r + n - 241. What are the prime factors of r?
2, 41
List the prime factors of (698/7 - -3) + (-4)/(-14).
103
Let n be (10/2)/(2 - 3). Let h be 2/n - 24/(-10). Suppose -h*a + 0 + 4 = 0. List the prime factors of a.
2
Suppose 0 = -d + 5*f + 65 - 15, 3*d = -5*f + 70. What are the prime factors of d?
2, 3, 5
Suppose -3*v + 874 = -4*p, -5*v - 160 = -4*p - 1630. What are the prime factors of v?
2, 149
Suppose 8 = 3*o - 10. Let d be (o + -5)*(-9 - 1). List the prime factors of (d/(-1))/1 - 1.
3
Let a(h) be the first derivative of -h**4/12 - 2*h**3/3 - 3*h**2/2 + 2. Let n(r) be the second derivative of a(r). What are the prime factors of n(-5)?
2, 3
Let d = 11 + 13. Let q = 38 - d. What are the prime factors of q?
2, 7
Suppose -4 = -0*t - 2*t. Suppose t*m - 15 = -3*m. List the prime factors of m.
3
Suppose 2*h + 32 = 2*g, -6 = -5*h - 3*g - 62. Let a(t) = -t - 15. Let p be a(h). What are the prime factors of 2/4 - 23/p?
2, 3
Suppose 3*v = -5*f + v + 49, -4*f + 5*v = -26. List the prime factors of ((-4)/(-10))/(f/495).
2, 11
Suppose 186 = 4*c + 6. Let v be ((-24)/(-15))/(4/10). Suppose 3*m - c = -x + v*x, -76 = -4*m - 4*x. List the prime factors of m.
17
Let y(b) = 54*b + 2. List the prime factors of y(1).
2, 7
Let u be (2/(-3))/((-2)/(-12)). Let d be (20/(-6))/((-1)/(-3)). Let p = u - d. List the prime factors of p.
2, 3
Let i(h) = h**3 + 11*h**2 + 5*h + 6. List the prime factors of i(-9).
3, 41
Let g(i) = -3*i + 9. Let p be g(6). Let b = 20 + p. List the prime factors of b.
11
Suppose 0 = -h + 7 + 7. List the prime factors of h.
2, 7
Let i(y) = 2*y - 1 - 3 - 1. Let m(g) = g**2 - 16*g + 9. Let n be m(16). What are the prime factors of i(n)?
13
Let c be 7 - ((1 - -1) + -1). Suppose p + 2 = 0, 4*o = 3*p + c + 8. Suppose -3 = -i + o. What are the prime factors of i?
5
Let h be -6 - -31 - -1*2. Let k = h + -10. What are the prime factors of k?
17
Let y(d) = -d**3 - 3*d**2 - d + 2. Let k be y(-3). Let o(h) = h**2 - 4*h - 7*h + 5 + 8*h. What are the prime factors of o(k)?
3, 5
Let i(u) = u**2 + 6*u + 7. What are the prime factors of i(-7)?
2, 7
Suppose 3*r - 5 - 22 = 0. List the prime factors of r.
3
What are the prime factors of 2/(9 + -5) + (-331)/(-2)?
2, 83
Suppose 25 = -2*b + 79. Suppose 5*x = h - 30, 5*x = h + x - b. What are the prime factors of h?
3, 5
Suppose -46 - 87 = -4*m + 5*h, 5*h = 5*m - 160. List the prime factors of m.
3
Let w = 11 - 8. Suppose 5*x = -m + 11 + 27, -w*m + 5*x = -94. List the prime factors of m.
3, 11
Let o = -2 + 4. Let m be o/(-4) + 117/6. Let g = -7 + m. What are the prime factors of g?
2, 3
Let p = -284 + 603. List the prime factors of p.
11, 29
Suppose u = 6*u - 75. Let x = 7 + u. What are the prime factors of x?
2, 11
Let t(q) = -4*q + 2*q**2 + 5*q**2 - q + 2*q + 3. Let r be t(2). Let a = r + -14. List the prime factors of a.
11
Let l be (-2)/(-2)*10 - 2. Suppose -4 + l = 2*o. Suppose 28 = n + 3*v, -5*v = n - o - 36. List the prime factors of n.
13
What are the prime factors of 18/5*(-110)/(-33)?
2, 3
Let k be (-2)/1 - -6 - 1. Suppose 0 = -0*h + k*h - 15. List the prime factors of (10/(-6))/(h/(-15)).
5
Suppose 89 = -4*d + 5*a + 353, 0 = -5*a. Let u be d*(0 - 1/(-2)). What are the prime factors of 402/u + 2/(-11)?
2, 3
List the prime factors of (-60)/8*(-24)/9.
2, 5
Let h = 3 - 1. Let k be (-1)/h + 28/8. What are the prime factors of 10/k*(-6)/(-4)?
5
Suppose -313 + 1361 = 4*o. List the prime factors of o.
2, 131
Let i(b) = -b**3 + 4. Let u(o) = -3*o - 3. Let c be u(-2). Suppose 0 = 2*f + 3*f - g, 2*f + c*g = 0. What are the prime factors of i(f)?
2
Suppose 0 = 2*f, -7*l + 3*l = -4*f - 104. Suppose -l = -0*w - w. Suppose t - 12 = 2*a + 5*t, -4*t - w = -5*a. List the prime factors of a.
2
Let n be -6 - -9 - 7*-3. Suppose -n - 1 = -5*y. What are the prime factors of y?
5
Let l = -14 + 30. Suppose 4*k + 0*k = l. List the prime factors of k.
2
Let m = 4 + -1. Suppose 4*a + m*j - 10 = 1, -9 = -5*a + j. List the prime factors of a.
2
Let f be (-2)/3*6 - -2. Let o be (-2 - 50)*f/4. Let b = o + -10. List the prime factors of b.
2
Suppose 0 = -4*n + 39 + 13. List the prime factors of n.
13
Suppose -p - 3 = 0, -w - 2*p + 138 = w. Suppose 0*l - 3*l + w = 0. Let j = -6 + l. What are the prime factors of j?
2, 3
Suppose -s + 8 = -110. What are the prime factors of s?
2, 59
Suppose -f + 21 - 52 = 0. Let d = 88 + -133. Let u = f - d. What are the prime factors of u?
2, 7
Let a(h) = h**2 - 5*h - 5. Let v be a(7). Let p(j) = 0*j - 2 - j + v. What are the prime factors of p(5)?
2
Let z = -28 + 64. What are the prime factors of (-25)/(-4) + 27/z?
7
Suppose -5*c - 3*m = -138, -2*m - 13 = -4*c + 93. What are the prime factors of c?
3
Suppose -5*x + 4*p + 676 = 0, 3*x - 2*x - p = 135. What are the prime factors of x?
2, 17
Suppose 131 = y - 4*w, 140 = 5*y + 2*w - 449. List the prime factors of y.
7, 17
List the prime factors of 31*-6*(-1)/3.
2, 31
Suppose f = 4*f - 162. Suppose 0 = -2*s - 0*s + f. List the prime factors of s.
3
Suppose -2*u + 0*u = -26. Let i = 25 - u. List the prime factors of i.
2, 3
Let s(o) = -4*o - 6. Let y be s(-9). Suppose r - 2*r = -y. What are the prime factors of r?
2, 3, 5
Suppose -i + u + 75 = 3*u, 2*i - u = 150. List the prime factors of i.
3, 5
Let c(o) = 8*o + 60. What are the prime factors of c(11)?
2, 37
Let a(t) = -8*t - 6. Let o(k) = -3*k - 2. Let b(r) = -2*a(r) + 7*o(r). List the prime factors of b(-5).
23
Let a(u) = -2*u - 2. Let s be a(-2). Suppose -3*q + 5 = s*x - 11, 2*x - 8 = -q. List the prime factors of 2 + x + (-2 - -2).
2
Suppose -w = -2*f - 54, 2*w + 4*f - 2*f - 78 = 0. Suppose 3*t - 83 = -z, 3*z + w + 55 = 3*t. List the prime factors of t.
29
Suppose -5*h - 270 = -5*s, -45 = -s + h - 3*h. List the prime factors of s.
3, 17
Let i = 56 + 10. What are the prime factors of i?
2, 3, 11
Suppose 3*c = t - 26, 4*c = 3*t - 7*t - 24. Let u = c - -19. List the prime factors of u.
11
Suppose 413 = -5*n + 33. Let l = n - -132. Suppose 3*o + o = l. What are the prime factors of o?
2, 7
Let u(t) = t**2 - 2*t - 18. What are the prime factors of u(8)?
2, 3, 5
Let x = 1 + 3. Suppose 2*z - 4*c = -36, 3*c = -4*z - 0*z - 61. Let h = x - z. List the prime factors of h.
2, 5
Suppose 2*p - 4*p = -3*d - 27, 5*p - 2*d = 84. Let g = 30 - p. List the prime factors of g.
2, 3
Suppose -5*y = 2*q - 99, -q - 5*y = 17 - 79. Suppose -9 + q = 4*v. List the prime factors of v.
7
Suppose 4*j = 5*o + 53, o + 33 = -2*o + 3*j. Let g = -15 - o. Let v = g + 10. List the prime factors of v.
2
Let n(v) = v**3 - 2*v**2 - 7*v + 4. What are the prime factors of n(5)?
2, 11
Suppose -v + 50 = w + 4, 5*v + 4*w = 235. List the prime factors of v.
3, 17
Let p = 9 + -4. Suppose -p*g = -3*n, -g = -5*n + n. Suppose 0 = -g*c - 2*c + 10. What are the prime factors of c?
5
Let v(t) = t**2 - t**3 - 4*t + 0*t**2 - 4*t**2 - 5 - 2*t**2. Let w be v(-5). Suppose 0 = b - 4*b + 3*j + w, 3*b = 2*j + 13. List the prime factors of b.
3
Let m(h) = h**2 - h - 1. Suppose -4*c = 1 + 11. List the prime factors of m(c).
11
Suppose -2*t = 4*v - 10, v - 20 = 4*v - 4*t. Suppose 2*y - 16 = -v*y. List the prime factors of y.
2
Suppose -2*x = -4